 70 and t.
14
Suppose k + 7 = 3*i, 0 = -4*k + 2*i + 2*i - 4. Suppose 0 = -j - k + 4. What is the greatest common divisor of 3 and j?
1
Let a = 95 + -78. What is the greatest common divisor of a and 102?
17
Suppose -3 = -2*o + 65. Let h(s) = 5*s**2 - 2*s + 13. Let z be h(4). Calculate the greatest common factor of z and o.
17
Let v(a) = a**3 + a**2. Let b be v(4). Let t be 160/24*6/5. Calculate the greatest common factor of t and b.
8
Let f = 5 - 10. Let p(b) = -b**3 + 3*b**2 - 4*b + 4. Let d be p(3). Let j = f - d. What is the greatest common divisor of j and 24?
3
Suppose -i + 40 = 4*i. Let o = 8 + 7. Suppose 0 = 2*c - o - 25. What is the highest common divisor of c and i?
4
Let m = 431 + -295. Calculate the greatest common factor of 34 and m.
34
Let x = 1 - -4. Suppose 2*w - 2*v - 14 = 0, 2*w - 10 = -2*w - 5*v. Calculate the highest common divisor of w and x.
5
Let r(n) = 3*n - 7. Let i be r(7). Let t be (-16)/56 - (-1894)/i. What is the highest common divisor of 15 and t?
15
Let k be 8/8*(-3 - -1 - -90). Calculate the greatest common divisor of 8 and k.
8
Let c be ((-2)/(-7))/(4/28). Suppose 0 = -4*g + 2*n + 14, -4*g + 4*n - 2 = -g. Suppose -g = -x + 8. Calculate the greatest common factor of x and c.
2
Let y = -4 + 3. Let h = 3 - y. Suppose -r + 14 = -26. Calculate the greatest common divisor of r and h.
4
Suppose -3*n + 5*n - 181 = -5*g, 0 = n + 4*g - 92. Calculate the greatest common divisor of 8 and n.
8
Let l = -157 + 241. Calculate the highest common divisor of 12 and l.
12
Suppose 3*u - 4*s - 27 = 16, -4*u + 58 = -5*s. Calculate the highest common factor of 187 and u.
17
Let q = -4 + 3. Let c be -2 + q + (-27)/(-3). Calculate the highest common factor of 54 and c.
6
Suppose 4*u + 5*f - f = 516, 4*f = u - 134. Calculate the greatest common factor of u and 26.
26
Suppose 2*u - 79 = 5*k, 3*k - 13 = -u - 1. Calculate the greatest common divisor of 81 and u.
27
Let g = -15 - -32. Suppose -3*p + 319 + 89 = 0. Calculate the greatest common factor of g and p.
17
Suppose 2*q + 340 = 4*q. Calculate the greatest common divisor of 68 and q.
34
Suppose 20 = 7*a - 2*a. Suppose 4*c - 36 = a*y, 4*y - 3*c = -0*c - 33. Let i = y + 12. What is the greatest common divisor of 6 and i?
6
Suppose a - 1 = 4. Let x be (a/15)/(2/30). Calculate the greatest common divisor of 55 and x.
5
Suppose 2*g = -4*a + 188, 2*a + 5*g = -2*a + 176. Let m be -3*(-33 - (-4)/2). Let k = m - a. Calculate the highest common divisor of 4 and k.
4
Suppose -61 + 19 = -2*t. Suppose -o = -y - 11, t = o - 3*y + 8. Calculate the highest common factor of 90 and o.
10
Let b = 45 - 29. Calculate the greatest common divisor of b and 24.
8
Let s(c) = 45*c. Let q be s(1). Let d = -10 - -28. Calculate the highest common factor of q and d.
9
Let h = 1 + 4. Let a be (-180)/(-50)*h/3. Calculate the greatest common divisor of a and 6.
6
Let d = -146 + 306. Suppose -2*t + 3*t - d = 0. Calculate the highest common factor of t and 20.
20
Suppose -9 - 51 = -5*n. What is the greatest common factor of n and 8?
4
Suppose p + 4*c + 5 = -0*c, 3*c - 9 = -5*p. Suppose p*t + 0*t - x = 67, 0 = -5*x + 25. What is the highest common factor of 216 and t?
24
Let t be 32 - 2 - (0 - 2). Calculate the highest common divisor of 80 and t.
16
Let r(o) = 4*o - o**3 - 4*o + 2 + 6*o**2 + 7*o. Let m be r(7). Suppose -m*u - u = 2*j - 124, -2*u + 321 = 5*j. Calculate the greatest common factor of 26 and j.
13
Let f(d) = -4*d**2 + 3*d**2 - 3*d**2 + 4 + 6*d**2 - 4*d. Let m be f(4). Let l be (-1)/(-5) + (-2394)/(-30). What is the highest common divisor of m and l?
20
Let u(n) = -n**2 - 2*n + 5. Let b be u(0). What is the highest common factor of 40 and b?
5
Suppose 3*t - 15 = 2*t. Calculate the greatest common factor of 45 and t.
15
Let i be 3 + -1 + 0 + 24. What is the greatest common factor of i and 234?
26
Let b(t) = -t**3 - t**2 + 3*t + 10. Let a be b(0). What is the greatest common divisor of 15 and a?
5
Let u(k) = 2*k**2 - 6*k - 3. Let r be u(4). Calculate the greatest common factor of r and 25.
5
Suppose -4 - 4 = -2*x. Suppose 3*k - 138 = -3*d, 0*d - x*d = -k + 46. Let v be 23 + 0/(3 + 1). What is the highest common divisor of k and v?
23
Let s(t) = 2*t + 2. Let j be s(12). Suppose 2*a - 3*a = -j. Let v be (11 + 2)/(0 + 1). Calculate the greatest common factor of v and a.
13
Let b(h) = 4*h - 9. Let f be b(4). What is the highest common factor of 14 and f?
7
Let o = -3 - -7. Let f(k) = k + 3. Let u be f(o). What is the highest common divisor of u and 14?
7
Suppose 87 + 17 = r. Calculate the greatest common divisor of r and 13.
13
Let d(s) = 5*s**2 - 1. Let w be d(-1). Suppose 2*c = -4*b + 400, -300 = b - w*b + 5*c. What is the greatest common factor of 40 and b?
20
Suppose j + 2*n - 102 = 0, -n = -2*j - 0*j + 219. What is the greatest common factor of j and 12?
12
Let n(d) = -d**3 - 3*d**2 - 2*d - 5. Let s be n(-5). Calculate the highest common factor of s and 22.
11
Let x = -19 + 23. Suppose 2*i = -x*i + 120. Calculate the greatest common divisor of 40 and i.
20
Suppose -2*t + 16 = 2*y, -2*t + 3 = 4*y - 19. Calculate the highest common divisor of t and 25.
5
Let j = -51 + 71. Calculate the greatest common factor of j and 5.
5
Suppose 5*h + 140 = 7*h. Calculate the greatest common divisor of h and 14.
14
Let t = 106 - 34. Calculate the greatest common factor of 9 and t.
9
Suppose 5*h - 85 = -u, -u + 81 = h - 0*h. Let y be (3/(-2))/((-1)/2). Suppose 14 + 7 = y*f - 3*m, 3*f = m + 27. What is the highest common factor of f and u?
10
Let t = 11 - -2. Let u(r) = 4*r - r - 4*r + 13*r**2 + 0*r - 2. Let i be u(-2). What is the highest common divisor of t and i?
13
Suppose -137*c = -134*c - 630. What is the greatest common divisor of c and 42?
42
Let n be (-126)/(-10) - 8/(-20). Let y = 3 + n. What is the greatest common factor of 128 and y?
16
Suppose 6*k - 2*k - 44 = 0. Let i(x) = x + 2. Let s be i(4). Suppose -291 - s = -3*p. What is the greatest common factor of k and p?
11
Let g(n) = -2*n**3 - 2*n**2 + n. Let p be g(-2). Let v = -4 - -8. Suppose v*q - 90 = q. Calculate the greatest common factor of p and q.
6
Suppose -5*f - 2 = 2*w - 59, 21 = 2*f - w. Let r(j) = j**3 + 4*j**2 + 2*j + 19. Let q be r(-4). Calculate the greatest common divisor of f and q.
11
Suppose -6*m = -m - 390. Let y(f) = f. Let t be y(2). Suppose t*q = -0*q + m. What is the greatest common factor of q and 13?
13
Let o = -12 - -20. What is the greatest common divisor of 64 and o?
8
Let z be (3/6)/(2/(-28)). Let j be 6/15 + z/5. Let s(k) = -2*k. Let r be s(j). What is the greatest common divisor of 22 and r?
2
Suppose -3*j = -10 - 8. Suppose -14 = -5*z + j. Calculate the greatest common factor of z and 4.
4
Suppose -48 = v - 2*v. What is the highest common factor of v and 6?
6
Let j = 76 + -38. Let n(f) = -f + j + 2*f**3 - 6 - 3*f**3. Let w be n(0). Calculate the greatest common divisor of w and 4.
4
Let b be (0 + 17)/(1/3). Suppose 5*z - b = 19. What is the highest common factor of z and 70?
14
Let c(y) = -3*y**3 - 5*y**2 - y + 5. Let a be c(-4). Calculate the greatest common divisor of a and 11.
11
Let i(d) = 18*d - 14. Let v(b) = 12*b - 9. Let g(l) = -5*i(l) + 8*v(l). Suppose -u = u - 8. Let q be g(u). Calculate the greatest common divisor of 198 and q.
22
Let o(n) = -n**3 + n - 4. Let i be o(-3). What is the greatest common factor of 20 and i?
20
Suppose 120 = y + 5*a, -2*y + 3*y - 5*a - 160 = 0. What is the highest common divisor of 56 and y?
28
Suppose -2*b + 120 = 5*t - 38, 2*t - 3*b = 48. What is the highest common factor of t and 15?
15
Suppose -2*m = -m + 3*x - 24, -4*x - 12 = 0. What is the greatest common divisor of m and 264?
33
Let d be (60/(-25))/(3/(-75)). Calculate the highest common divisor of 24 and d.
12
Let b = -51 - -81. Suppose -2*w + b = -4*s, 3*w - w + 2*s = 18. What is the highest common divisor of w and 77?
11
Let j = 5 - 7. Let d be (-2)/(-4) + j/(-4). Calculate the highest common factor of d and 1.
1
Let g(m) = -m**2 - 6*m + 2. Let y be g(-5). Let d be (-2)/(-7) + 89/y. Suppose -104 = 4*u - 5*u. Calculate the highest common divisor of u and d.
13
Let p = 0 + 2. Suppose 22 + 14 = p*u. Calculate the greatest common divisor of 162 and u.
18
Suppose 0 = -5*n + 34 + 21. Suppose 4*v = -3*w + w + 42, -v = -w - 3. Suppose v + 14 = 